 of 45234284?
4
What is the millions digit of 656280457?
6
What is the millions digit of 1868480055?
8
What is the tens digit of 470287929?
2
What is the tens digit of 587756751?
5
What is the ten millions digit of 1770091298?
7
What is the ten millions digit of 622080391?
2
What is the units digit of 2001173990?
0
What is the tens digit of 223291640?
4
What is the tens digit of 60144054?
5
What is the hundreds digit of 2034323653?
6
What is the ten thousands digit of 117169348?
6
What is the hundred millions digit of 286492713?
2
What is the ten thousands digit of 3238746932?
4
What is the ten thousands digit of 186306160?
0
What is the tens digit of 38541547?
4
What is the hundred millions digit of 123666821?
1
What is the hundred millions digit of 7766392240?
7
What is the units digit of 24383584?
4
What is the hundred millions digit of 142754615?
1
What is the units digit of 47574861?
1
What is the hundreds digit of 170659650?
6
What is the tens digit of 6758221?
2
What is the tens digit of 433285533?
3
What is the millions digit of 608645106?
8
What is the millions digit of 41552800?
1
What is the hundreds digit of 9663534?
5
What is the tens digit of 60362317?
1
What is the ten thousands digit of 22746944?
4
What is the thousands digit of 1377827316?
7
What is the millions digit of 84940755?
4
What is the ten millions digit of 19507664?
1
What is the tens digit of 20526458?
5
What is the hundreds digit of 545224857?
8
What is the millions digit of 344618884?
4
What is the ten thousands digit of 29330576?
3
What is the thousands digit of 131881925?
1
What is the hundred thousands digit of 147959188?
9
What is the ten thousands digit of 40695267?
9
What is the units digit of 103910917?
7
What is the hundred thousands digit of 669320124?
3
What is the hundred millions digit of 256843464?
2
What is the hundred thousands digit of 74735863?
7
What is the hundred thousands digit of 131777926?
7
What is the hundred thousands digit of 46189786?
1
What is the hundred thousands digit of 7766783316?
7
What is the hundred thousands digit of 321848431?
8
What is the hundred millions digit of 128688687?
1
What is the units digit of 3300657759?
9
What is the ten thousands digit of 157660757?
6
What is the units digit of 24451156?
6
What is the tens digit of 62059370?
7
What is the ten thousands digit of 346472541?
7
What is the hundred millions digit of 411327690?
4
What is the hundreds digit of 146267559?
5
What is the units digit of 31038731?
1
What is the ten millions digit of 2849948815?
4
What is the thousands digit of 15737033?
7
What is the millions digit of 1178273992?
8
What is the units digit of 8151551?
1
What is the units digit of 10441956?
6
What is the tens digit of 926932259?
5
What is the thousands digit of 3815648412?
8
What is the hundreds digit of 6600852?
8
What is the tens digit of 767289426?
2
What is the hundred thousands digit of 9339919?
3
What is the ten millions digit of 103758000?
0
What is the units digit of 3034577694?
4
What is the hundreds digit of 7033963?
9
What is the units digit of 75639492?
2
What is the hundreds digit of 236534023?
0
What is the millions digit of 80976491?
0
What is the ten thousands digit of 246328618?
2
What is the hundred thousands digit of 4640381501?
3
What is the hundred thousands digit of 774703066?
7
What is the hundreds digit of 2907307862?
8
What is the hundred thousands digit of 102196051?
1
What is the hundreds digit of 36378994?
9
What is the hundred millions digit of 395104070?
3
What is the units digit of 80016857?
7
What is the thousands digit of 19062510?
2
What is the millions digit of 49323377?
9
What is the thousands digit of 12913337?
3
What is the thousands digit of 77626197?
6
What is the hundreds digit of 105758856?
8
What is the tens digit of 60749696?
9
What is the thousands digit of 116014798?
4
What is the millions digit of 210007898?
0
What is the ten millions digit of 157857752?
5
What is the billions digit of 5662028989?
5
What is the tens digit of 9322985?
8
What is the units digit of 1123863463?
3
What is the millions digit of 362883731?
2
What is the millions digit of 697842712?
7
What is the hundred millions digit of 126995858?
1
What is the hundred millions digit of 2714708263?
7
What is the hundreds digit of 733642165?
1
What is the hundred thousands digit of 107367431?
3
What is the hundred thousands digit of 59976673?
9
What is the ten thousands digit of 40483820?
8
What is the millions digit of 13345913?
3
What is the hundreds digit of 503540535?
5
What is the units digit of 28279080?
0
What is the hundred millions digit of 946554393?
9
What is the hundred thousands digit of 156893728?
8
What is the hundred thousands digit of 10626691?
6
What is the units digit of 70940384?
4
What is the tens digit of 27194890?
9
What is the hundred millions digit of 839730683?
8
What is the ten thousands digit of 32231205?
3
What is the units digit of 2466749293?
3
What is the hundred thousands digit of 43036588?
0
What is the hundred millions digit of 161232424?
1
What is the millions digit of 573118966?
3
What is the ten millions digit of 503269930?
0
What is the units digit of 317177763?
3
What is the tens digit of 1456682291?
9
What is the hundred thousands digit of 93021560?
0
What is the hundreds digit of 115547134?
1
What is the hundreds digit of 102393651?
6
What is the billions digit of 6589257927?
6
What is the thousands digit of 1120768682?
8
What is the hundred millions digit of 338078504?
3
What is the hundred thousands digit of 1379155727?
1
What is the millions digit of 247875365?
7
What is the ten thousands digit of 3279747791?
4
What is the ten thousands digit of 4106814?
0
What is the hundred millions digit of 3053185419?
0
What is the ten thousands digit of 73786487?
8
What is the ten millions digit of 91781838?
9
What is the tens digit of 47465120?
2
What is the hundreds digit of 230462765?
7
What is the ten thousands digit of 1390494435?
9
What is the tens digit of 103269454?
5
What is the hundreds digit of 583530149?
1
What is the ten thousands digit of 641999445?
9
What is the hundreds digit of 2852270166?
1
What is the thousands digit of 462196037?
6
What is the units digit of 448456524?
4
What is the ten thousands digit of 241094439?
9
What is the thousands digit of 263319798?
9
What is the hundred thousands digit of 1024563122?
5
What is the millions digit of 21779009?
1
What is the tens digit of 15470990?
9
What is the tens digit of 806132666?
6
What is the thousands digit of 144569860?
9
What is the ten thousands digit of 3073294919?
9
What is the billions digit of 3778113113?
3
What is the ten thousands digit of 4057686623?
8
What is the tens digit of 3357088267?
6
What is the hundreds digit of 4412222270?
2
What is the units digit of 334003254?
4
What is the thousands digit of 375553991?
3
What is the thousands digit of 620998261?
8
What is the units digit of 62472157?
7
What is the hundred thousands digit of 457497696?
4
What is the ten millions digit of 14077839?
1
What is the units digit of 47088005?
5
What is the tens digit of 2842340369?
6
What is the hundreds digit of 608190427?
4
What is the millions digit of 29597104?
9
What is the hundreds digit of 58900849?
8
What is the hundreds digit of 223594076?
0
What is the thousands digit of 80324209?
4
What is the hundreds digit of 47047601?
6
What is the units digit of 790957513?
3
What is the thousands digit of 256708132?
8
What is the units digit of 1198339520?
0
What is the ten thousands digit of 237049298?
4
What is the thousands digit of 388406511?
6
What is the ten thousands digit of 2392948933?
4
What is the units digit of 245374047?
7
What is the millions digit of 643030986?
3
What is the ten thousands digit of 4447028778?
2
What is the millions digit of 124194820?
4
What is the thousands digit of 21993489?
3
What is the ten millions digit of 122153001?
2
What is the hundred thousands digit of 174991887?
9
What is the tens digit of 1176850413?
1
What is the ten thousands digit of 3316661076?
6
What is the millions digit of 8658938?
8
What is the ten thousands digit of 649670879?
7
What is the ten millions digit of 189516995?
8
What is the ten thousands digit of 4447591291?
9
What i